{"id":2,"date":"2018-09-23T20:00:55","date_gmt":"2018-09-23T19:00:55","guid":{"rendered":"http:\/\/waentig.de\/?page_id=2"},"modified":"2025-09-18T21:40:38","modified_gmt":"2025-09-18T20:40:38","slug":"sample-page","status":"publish","type":"page","link":"https:\/\/www.waentig.de\/?page_id=2","title":{"rendered":"Visitenkarte"},"content":{"rendered":"<p><strong>Dr. Wulf W\u00e4ntig<\/strong><\/p>\n<ul>\n<li>geboren in L\u00fcbeck<\/li>\n<li>Kindheit und Jugend in L\u00fcbeck, Barcelona und Bielefeld<\/li>\n<li>Zivildienst im Mobilen Sozialen Hilfsdienst<\/li>\n<li>Studium Geschichte\/Franz\u00f6sisch in G\u00f6ttingen und Besan\u00e7on<\/li>\n<li>Promotion im Fach Geschichte an der TU Chemnitz<\/li>\n<li>weitere Stationen Dresden und Prag<\/li>\n<li>Referendariat in Berlin-Kreuzberg an der Hermann-Hesse-Oberschule<\/li>\n<li>Studienrat am Gymnasium Bondenwald in Hamburg-Niendorf<\/li>\n<li>Evaluationskoordinator, Fachleiter Geschichte u.v.m.<\/li>\n<li>von Februar 2011 bis zur Fusion im August 2012 Fachbereichsleiter Gesellschaftswissenschaften an der Heinrich-von-Kleist-Schule (Gymnasium) in Berlin-Moabit<\/li>\n<li>seitdem in gleicher Funktion am Gymnasium Tiergarten in Berlin<\/li>\n<li>ab April 2014 zus\u00e4tzlich Koordinator f\u00fcr Schulentwicklung und Qualit\u00e4t am Gymnasium Tiergarten<\/li>\n<li>von August 2014 bis Juli 2018 zus\u00e4tzlich Fachseminarleiter Geschichte am 8. SPS Berlin-Reinickendorf<\/li>\n<li>von August 2018 bis Februar 2025 Leiter des 4. Schulpraktischen Seminars (S) in Berlin-Lichtenberg<\/li>\n<li>seit Februar 2025 Leiter des 10. Schulpraktischen Seminars (ISS\/Gym) in Berlin-Reinickendorf<\/li>\n<\/ul>\n<p>&nbsp;<\/p>\n<ul>\n<li>5 Jahre Jugendarbeit mit Neun- bis Dreizehnj\u00e4hrigen<\/li>\n<li>20 Monate Alten- und Behindertenarbeit incl. B\u00fcroorganisation<\/li>\n<li>Studentische Fachschaftsvertretung und Hochschulpolitik<\/li>\n<li>Praktika an Schulen in G\u00f6ttingen, bei Tageszeitungen in Leinefelde (Eichsfeld) und G\u00f6rlitz sowie im nordrhein-westf\u00e4lischen Landtag in D\u00fcsseldorf<\/li>\n<li>Konferenzteilnahmen und Ver\u00f6ffentlichungen in Deutschland und Tschechien, Lehrt\u00e4tigkeit an der TU Dresden<\/li>\n<li>Frankreich-Austausch-Organisation mit dem Coll\u00e8ge Guillaume de Normandie in Caen und dem Lyc\u00e9e Alexandre David-N\u00e9el in Digne-les-Bains<\/li>\n<li>Kooperationsprojekte mit dem Stadtmuseum Berlin und dem Bezirksamt Mitte von Berlin, dem Volksbund Kriegsgr\u00e4berf\u00fcrsorge e.V., der INSPE Rouen-Le Havre und der Acad\u00e9mie de Strasbourg<\/li>\n<\/ul>\n","protected":false},"excerpt":{"rendered":"<p>Dr. Wulf W\u00e4ntig geboren in L\u00fcbeck Kindheit und Jugend in L\u00fcbeck, Barcelona und Bielefeld Zivildienst im Mobilen Sozialen Hilfsdienst Studium Geschichte\/Franz\u00f6sisch in G\u00f6ttingen und Besan\u00e7on Promotion im Fach Geschichte an der TU Chemnitz weitere Stationen Dresden und Prag Referendariat in Berlin-Kreuzberg an der Hermann-Hesse-Oberschule Studienrat am Gymnasium Bondenwald in Hamburg-Niendorf Evaluationskoordinator, Fachleiter Geschichte u.v.m. von [&hellip;]<\/p>\n","protected":false},"author":1,"featured_media":0,"parent":0,"menu_order":1,"comment_status":"open","ping_status":"open","template":"","meta":{"footnotes":""},"class_list":["post-2","page","type-page","status-publish","hentry"],"_links":{"self":[{"href":"https:\/\/www.waentig.de\/index.php?rest_route=\/wp\/v2\/pages\/2"}],"collection":[{"href":"https:\/\/www.waentig.de\/index.php?rest_route=\/wp\/v2\/pages"}],"about":[{"href":"https:\/\/www.waentig.de\/index.php?rest_route=\/wp\/v2\/types\/page"}],"author":[{"embeddable":true,"href":"https:\/\/www.waentig.de\/index.php?rest_route=\/wp\/v2\/users\/1"}],"replies":[{"embeddable":true,"href":"https:\/\/www.waentig.de\/index.php?rest_route=%2Fwp%2Fv2%2Fcomments&post=2"}],"version-history":[{"count":17,"href":"https:\/\/www.waentig.de\/index.php?rest_route=\/wp\/v2\/pages\/2\/revisions"}],"predecessor-version":[{"id":102,"href":"https:\/\/www.waentig.de\/index.php?rest_route=\/wp\/v2\/pages\/2\/revisions\/102"}],"wp:attachment":[{"href":"https:\/\/www.waentig.de\/index.php?rest_route=%2Fwp%2Fv2%2Fmedia&parent=2"}],"curies":[{"name":"wp","href":"https:\/\/api.w.org\/{rel}","templated":true}]}}